
What is the units digit of (-12 + 8 - -8)*(-57281)/(-7)?
2
Let j = 278 + 77. Suppose 4*c + d - 354 - 371 = 0, -2*c + j = 3*d. What is the units digit of c?
2
Let r = -11440 + 22529. What is the ten thousands digit of r?
1
Let h = -70 + 73. Suppose -4*s - h*s = 210. Let t = s - -104. What is the tens digit of t?
7
Let i(w) = 9*w**2 + 3*w - 1 + w**2 - 3*w**2. Let p be i(-1). What is the hundreds digit of ((-12)/(-10))/(p/520)?
2
Suppose 4*m = 3*n + 322, 4*m - 228 = -3*n + 106. Let s(g) = 24*g - 12. Let r be s(8). Let v = r - m. What is the units digit of v?
8
Suppose 2*a + 1020 = 6*a. Suppose -a + 75 = 10*q. Let c = q + 66. What is the units digit of c?
8
Let b = -36029 + 59070. What is the units digit of b?
1
What is the units digit of ((-1800060)/52)/(-3) - (-6)/39?
9
Let f be (-4 + 4)/(1/(-1)). Let n be 5 - (-1 - (f - 3)). Suppose -n*r + k = -k - 14, 2*k - 2 = -r. What is the units digit of r?
4
Let z(i) = 8*i**2 - 58*i - 543. What is the tens digit of z(-9)?
2
Let y = 22191 + -9441. What is the units digit of y?
0
Suppose 4*z = 4*o + 96, 0 = 2*z + 2*o - 57 + 1. Let b(g) = 16*g - 70. What is the hundreds digit of b(z)?
3
Let x = -11047 - -17798. What is the units digit of x?
1
Suppose 509*m + 8618294 = 66*m + 28552851. What is the tens digit of m?
9
Suppose -p - 4*p - 10 = 0, -m - 359 = -p. Let f be 3 + m/(-3) + 4/6. Suppose -5*i + 156 = -f. What is the units digit of i?
6
What is the hundreds digit of 1 + 14/(-6) - 68695406/(-2571)?
7
Suppose n + 8 - 19 = 0. Suppose 0 = -3*l + 3*i + 513, -5*i = n - 1. What is the tens digit of l?
6
Let c be 7 + 96/10*5. Suppose 10*r + c = 245. What is the tens digit of r?
1
Let o = 10 + -6. Suppose -o + 0 = -4*q. What is the tens digit of (9/(-3) + q)*63/(-2)?
6
What is the ten thousands digit of (5/2)/5*2*(53160 - 17)?
5
Let d be ((-87)/12)/(1/(-4)). Suppose 7*n - d*n + 12716 = 0. What is the units digit of n?
8
Let z = 362 - 378. What is the units digit of ((-4035)/(-30))/((-4)/z)?
8
Let i = 36680 + -16177. What is the tens digit of i?
0
Let o(i) = 4*i**3 - 24*i**2 - 7*i - 18. Let t be o(7). Let r be (11 - -1) + -2 - -2. Suppose 4*u = -r, -4*u = x + u - t. What is the hundreds digit of x?
1
Suppose -b + 4*b = -f + 215, -b = 5*f - 81. Let i = b + 311. What is the units digit of i?
2
Let h(t) = -85*t + 335. Let r be h(6). What is the tens digit of (-22626)/(-14) - 150/r?
1
Let b be (-4)/(-1*(-8)/(-4)). Suppose -4*g + 3 - b = n, 3*g - 3*n + 18 = 0. What is the tens digit of g/((1 + -2)/43)?
4
Suppose 10333 = 3*y - q, 540*y - 10328 = 537*y + 2*q. What is the hundreds digit of y?
4
What is the thousands digit of 1724 - ((-18)/(-21))/(9/42)?
1
Suppose -5*d - 4*n = -2*n + 2968, 5*n + 1204 = -2*d. Let i = d - -2009. What is the tens digit of i?
1
Suppose t + 10 = 17. Suppose -4*j - 3*h + 32 = 0, -h = -2*j + t + 9. Suppose 46 = j*s - 6*s. What is the units digit of s?
3
Suppose k = -2*b + 16948, 0 = 17*b - 13*b + 3*k - 33892. What is the tens digit of b?
7
Let v(m) = -91*m**3 - 247*m**2 - 3*m + 5. What is the units digit of v(-6)?
7
Suppose 4*s + 128 = 4*g + 544, -4*g = -5*s + 521. Let c = 178 - s. What is the units digit of c?
3
Suppose -4*d - d - 82 = o, -o = 4*d + 66. Let k = -90 + 132. Let c = d + k. What is the units digit of c?
6
Suppose -3*j + 3*y = -0*j - 6321, 0 = 5*j - 4*y - 10539. Suppose 4*b - j = -279. What is the hundreds digit of b?
4
Let n be 0*6*(-2)/(-12). Suppose -3*m + 297 + 650 = 2*k, -m - 1 = n. What is the tens digit of k?
7
Suppose -2*q = -z - 4007, 0 = 5*q - z - 1688 - 8325. What is the tens digit of q?
0
Let g(s) = -2*s**3 - 23*s**2 - 11*s - 351. What is the thousands digit of g(-19)?
5
Suppose 289*u - 273*u - 282592 = 0. What is the units digit of u?
2
Let f(q) = 4*q**2 + 2*q + 3. Let r be f(-1). Suppose r*d - 300 = -d. Suppose 0 = 4*v + 3*a - d - 18, v = 2*a + 6. What is the tens digit of v?
1
Let s(f) = -9*f - 34. Let h(k) = -30*k**2 + 3*k + 5. Let d be h(-1). What is the units digit of s(d)?
8
Let a(i) = -3*i + 41. Let s be a(11). Let b be (s/5)/((-4)/(-90)). What is the units digit of 2 - b/21 - 2094/(-21)?
0
Let o(q) = -q**3 + 13*q**2 - 10*q - 14. Let b be o(12). Let x(g) = 2*g**2 - 16*g + 20. Let j be x(b). What is the units digit of -1 - (-469)/5 - j/75?
2
Suppose 3*y = -4*d + 8961, 10750 = 3*d + 4*y + 4024. What is the thousands digit of d?
2
Suppose -53*s - 3768 = -49*s. Let i = -585 - s. Suppose 46*t = 43*t + i. What is the tens digit of t?
1
Let c = 88 - 86. Suppose 0 = -2*w + 3*w - c. Suppose -228 = -w*v + 3*a + 104, 0 = 4*v + 4*a - 644. What is the tens digit of v?
6
Let m be 0*(0 + 1)/1*-1. Let w(p) = 6*p + 7. Let x be w(m). Suppose -2*o - 140 = -x*o + 5*v, -o = -2*v - 30. What is the tens digit of o?
2
Let p(m) = -2*m**3 + 8*m**2 - 5*m + 4. Let n be p(9). Let k = 1283 + n. Suppose -2*q = 30 - k. What is the hundreds digit of q?
2
Suppose 0 = -12*j + 3203 - 1343. Suppose 0 = -2*x - 3*l + 5*l + 370, x + 5*l - j = 0. Suppose 51*g - 54*g + x = 0. What is the tens digit of g?
6
Suppose 5 - 45 = s. Let w = s - -41. Suppose -x = -2*x + 3*g + 47, -w = -g. What is the tens digit of x?
5
Suppose -4*r + 20 = 0, 14*r - 5875 = -3*o + 15*r. What is the tens digit of o?
6
Suppose 5*b - 31242 = -4*o, 18*o + 6260 = b + 13*o. What is the thousands digit of b?
6
What is the hundreds digit of (2820/50 - 1)*45?
4
Suppose 10*w = 6*w + 12*w. Suppose -213*p + 216*p - 4551 = w. What is the thousands digit of p?
1
Let i = -16404 + 32394. What is the ten thousands digit of i?
1
Let b(y) = 87*y**2 + 310*y + 70. What is the tens digit of b(-25)?
9
Let o(p) = p**2 + 8*p + 8. Let c be o(-8). Let x be c/(-1) + (-5 - -9). What is the units digit of ((x - -3) + 11)*2?
0
Suppose 0 = -4*s + 13*s - 33472 + 5014. What is the thousands digit of s?
3
Let j(c) be the first derivative of -c**2/2 + 4*c - 11. Let y be j(7). What is the tens digit of (y + 7 - (6 - 4)) + 121?
2
Suppose 5*z - 9*z + 34 = 5*c, 2*c = -5*z + 17. Let h(u) = u**3 - 4*u**2 - u - 34. What is the tens digit of h(c)?
3
Suppose -20*q = -134210 + 21490. What is the thousands digit of q?
5
Let o be 0 + 66 + 1/(-1). Let w = -6153 - -6140. Let m = o - w. What is the units digit of m?
8
Let v = 6 + -3. Suppose -19 = 610*b - 594*b - 3. What is the tens digit of 83 - 4 - (1 + v + b)?
7
Let o = 1496 + -587. What is the units digit of o?
9
Suppose 0*f - 8*f + 8 = 0. Let u(v) = -104*v**2 - 1. Let a be u(f). Let s = a - -195. What is the tens digit of s?
9
Suppose 5*t - g - 15140 = 0, 3*t - 9084 = -175*g + 179*g. What is the hundreds digit of t?
0
Let u be 0/(-2 + 0 + 3). Suppose -4*l + l + 24 = u. Suppose p - 36 = l. What is the tens digit of p?
4
Let c(b) = -88*b**3 + 4 + 14*b**2 - 3 + 32*b**3 + 31*b**3 + 27*b**3 + 5*b. Let y = -22 + 16. What is the tens digit of c(y)?
4
Suppose -z = l + 7 - 3, 4*l + 12 = -3*z. Suppose -4*u + l*u + 539 = 3*j, -2*u = -4. What is the hundreds digit of j?
1
Let l = -883 - -1240. What is the hundreds digit of l + -3 + 5 + 2?
3
Let z(w) = w**3 + 13*w**2 - 27*w - 18. What is the units digit of z(-9)?
9
Let w(i) = i**3 - i**2 + i - 275. Let y be w(0). Let j = y - -964. What is the hundreds digit of j?
6
Let m = -7853 + 21062. What is the hundreds digit of m?
2
Let r(o) = 384*o**3 + 23*o**2 + 27*o - 70. What is the ten thousands digit of r(4)?
2
Suppose 267*x + 483 = 336*x. Let g = 145 + -28. Suppose -x*n = -4*n - g. What is the units digit of n?
9
Suppose 0 = 4*u - 2*g - 26328, 0 = -14*u + 16*u + 5*g - 13176. What is the hundreds digit of u?
5
Let j = 76 + 85. Let d = j - -105. What is the hundreds digit of ((-6)/9)/((-2)/(-3)) + d?
2
Let v(c) = 268*c**3 - 6*c**2 + 30*c - 3. Let f be v(3). Suppose 11*w = 1421 + f. What is the units digit of w?
0
Let p = -102 + 106. Suppose -23*m + 22*m = -2*k - 376, m - 364 = -p*k. What is the tens digit of m?
7
Let j(x) = -x**3 - 8*x + 6 + 21*x**2 + 5 - 2 + 3*x**2. What is the thousands digit of j(13)?
1
Let n(p) = -91*p - 33. Let b be n(-6). Suppose 0 = -y - j + b, 4*y = -7*j + 5*j + 2058. What is the units digit of y?
6
What is the thousands digit of (5 + -169)*-2*8/(-160)*-3005?
9
Suppose 2*c + 3*y = 17460, -2262 = 4*c - 9*y - 37242. What is the units digit of c?
6
Suppose 5*y + w = 1636, -787*y + 782*y = 5*w - 1660. What is the units digit of y?
6
Let h(z) = 954*z**2 - 91*z + 659. What